{"id":76,"date":"2011-01-29T22:55:20","date_gmt":"2011-01-29T21:55:20","guid":{"rendered":"http:\/\/sound-of-joy.com\/wordpress\/?page_id=76"},"modified":"2012-02-12T13:05:14","modified_gmt":"2012-02-12T12:05:14","slug":"spanien-1995","status":"publish","type":"page","link":"https:\/\/sound-of-joy.com\/?page_id=76","title":{"rendered":"Spanien 1995"},"content":{"rendered":"<p style=\"text-align: left;\"><a rel=\"attachment wp-att-113\" href=\"http:\/\/sound-of-joy.com\/?attachment_id=113\"><\/a><\/p>\n<div style=\"text-align: left;\"><a rel=\"attachment wp-att-114\" href=\"http:\/\/sound-of-joy.com\/?attachment_id=114\"><img loading=\"lazy\" decoding=\"async\" class=\"alignleft size-full wp-image-114\" title=\"spanien3\" src=\"http:\/\/sound-of-joy.com\/wordpress\/wp-content\/uploads\/spanien3.jpg\" alt=\"\" width=\"300\" height=\"150\" \/><\/a>Bei der Organisation f\u00fcr die 10-t\u00e4gige Konzertreise nach Spanien konnten Kantor Schmidt und seine Praktikantin Kerstin Schatz auf die guten Kontakte des damaligen Altensittenbacher Pfarrers, Herrn Herbert zur evangelischen Kirche in Spanien zur\u00fcckgreifen.<br \/>\nAm 01.09.1995 trafen wir uns morgens um 6.00 Uhr. Die Anreise f\u00fchrte uns \u00fcber das franz\u00f6sische Lyon, wo wir die Nacht in einer Jugendherberge verbrachten. Am darauf folgenden Tag erreichten wir die katalanische Hauptstadt Barcelona.<br \/>\nVon der direkt an der Rambla gelegenen Unterkunft aus erkundeten wir das Innenstadtleben. Entlang der ganzen Rambla scharen sich immer wieder kleinere Gruppen von Zuh\u00f6rern um Stra\u00dfenmusiker, die das Stra\u00dfenbild beleben. So entschloss sich auch eine kleine Gruppe Hersbrucker S\u00e4nger am Monument a Colom, das den s\u00fcdlichen Abschluss des Boulevard bildet, zu einem spontanen, n\u00e4chtlichen Stra\u00dfenkonzert &#8211; mit erstaunlichem Erfolg.<\/div>\n<div style=\"text-align: left;\">Der erste offizielle Auftritt fand dann am Sonntag im Gottesdienst in San Pablo, einer der wenigen evangelischen Kirchen Spaniens statt. Im Anschluss an den Abendmahlgottesdienst gab es f\u00fcr die spanischen Gastgeber noch ein kleines Konzert. Auf dem Programm standen wie \u00fcblich Gospels, Spirituals und neue Lieder. F\u00fcr die Reise hatten wir dies jedoch leicht ver\u00e4n<img loading=\"lazy\" decoding=\"async\" class=\"size-full wp-image-115  alignright\" title=\"spanien4\" src=\"http:\/\/sound-of-joy.com\/wordpress\/wp-content\/uploads\/spanien4.jpg\" alt=\"\" width=\"300\" height=\"150\" \/><\/div>\n<p style=\"text-align: left;\">dert, da nur ein kleiner Teil der Band an dieser Reise teilnahm. Die Texte der englisch- sowie deutschsprachigen Lieder wurden zum gro\u00dfen Teil ins Spanische \u00fcbersetzt.<br \/>\nNat\u00fcrlich besichtigten wir in den folgenden Tagen auch die Sehensw\u00fcrdigkeiten Barcelonas, wie die Sagrada Familia, das ambitionierte Kathedralenneubauprojekt<\/p>\n<p style=\"text-align: left;\">des 1926 verstorbenen Architekten Antonio Gaudi sowie den von ihm gestalteten Park G\u00fcell. Die Sagrada Familia ist ein Bauwerk voller komplexer religi\u00f6ser Symbolik. <a rel=\"attachment wp-att-115\" href=\"http:\/\/sound-of-joy.com\/?attachment_id=115\"><\/a>Ihr Bauk\u00f6rper besteht aus au\u00dfergew\u00f6hnlichen organischen Formen und wird vor allem durch einen figurenreichen Fassadenschmuck gepr\u00e4gt. Obwohl das Projekt nur als im Bau befindliches Fragment besucht werden kann, konnten wir schon viel von der spirituellen<\/p>\n<p style=\"text-align: left;\"><a rel=\"attachment wp-att-113\" href=\"http:\/\/sound-of-joy.com\/?attachment_id=113\"><\/a><\/p>\n<p style=\"text-align: left;\">Ausstrahlung sp\u00fcren.<br \/>\nAm Montag den 4.9. brachen die Hersbrucker auf zur zweiten Station, der spanische Hauptstadt Madrid. Unser Quartier war die 1897 von Fritz Fliedner gegr\u00fcndete Schule El Porvenir (die Zukunft). <a rel=\"attachment wp-att-112\" href=\"http:\/\/sound-of-joy.com\/?attachment_id=112\"><img loading=\"lazy\" decoding=\"async\" class=\"alignleft size-full wp-image-112\" title=\"spanien1\" src=\"http:\/\/sound-of-joy.com\/wordpress\/wp-content\/uploads\/spanien1.jpg\" alt=\"\" width=\"300\" height=\"150\" \/><\/a>Dort \u00fcbernachteten wir mit Schlafsack und Isomatte in den zur Ferienzeit leer stehenden Klassenr\u00e4umen.<br \/>\nEl Porvenir, war die erste Schule f\u00fcr evangelische Kinder in Spanien und \u00fcberstand B\u00fcrgerkrieg und Diktatur weitgehend unbeschadet. 1995 leitete Elfriede Fliedner, die Enkelin des Gr\u00fcnders, die Schule. Die \u00fcber 80-j\u00e4hrige alte Dame freute sich sehr \u00fcber unseren Besuch und stellte uns gro\u00dfz\u00fcgig das ganze Haus &#8211; inklusive der K\u00fcche \u2013 zur freien Verf\u00fcgung. Im Gegenzug bedankten wir uns mit einem kleinen, pers\u00f6nlichen St\u00e4ndchen. Nach einem Tag Stadtbesichtigung im Madrid fanden wir uns am Sp\u00e4tnachmittag in der evangelischen Kirche Noviciado zu Proben f\u00fcr das abendliche Konzert ein. Unser Publikum hatte auch hier sichtlich Freude an der, in spanischen Kirchen noch nicht so verbreiteten neuen Musik. Der gr\u00f6\u00dfte Dank f\u00fcr uns war die tolle Stimmung, die die lebensfrohen Spanier ab dem ersten Takt verbreiteten.<br \/>\nTags darauf f\u00fchrte ein Ausflug zum ber\u00fchmten Kloster \u201eEl Escoreal\u201c, dem einstigen Machtzentrum des spanischen Weltreichs und gleichzeitig Begr\u00e4bnisst\u00e4tte der spanischen K\u00f6nige, in dessen unmittelbaren N\u00e4he El Porvenier ein Weisenhaus unterh\u00e4lt. Auf Grund des engen Terminplans mussten wir jedoch schon am Nachmittag wieder den Bus besteigen, der uns direkt in die Innenstadt von Madrid brachte. Durch die engen, verwinkelten G\u00e4sschen ginge es dann nur noch zu Fu\u00df weiter. Bepackt mit Klavier, Instrumenten und allem Equipment das f\u00fcr einen Auftritt notwendig ist, erreichten wir schlie\u00dflich eine kleine, unscheinbare Kirche, im Souterrain eines Innenstadthauses. Hier sollte der emotionale H\u00f6hepunkt, die Mitausgestaltung eines Gottesdienstes evangelischer Sinti und Roma stattfinden. Die wortgewaltige Predigt des spanischen Geistlichen konnten wir auf Grund der Sprachbarriere nicht verstehen, jedoch war es interessant seinen Eifer beim Reden zu verfolgen: Ein Get\u00f6se von Silben und Worten, effektvoll unterbrochen von langen Pausen, gefolgt von heftigen Satzschw\u00e4llen. Die spontan abwechselnden Ges\u00e4nge von Kirchengemeinde und Jugendchor heizten die au\u00dfergew\u00f6hnliche Stimmung noch weiter an. Jede der beiden Gruppen versuchte die christliche Botschaft so laut und mit soviel Nachdruck wie nur irgend m\u00f6glich zu verk\u00fcndigen &#8211; feiern mit ganzem Herz und ganzer Seele &#8211; ein gigantischer Gottesdienst!!<br \/>\nAm n\u00e4chsten Tag, den 07.09., ging es zur\u00fcck ans Mittelmeer bei Gava in die N\u00e4he von Barcelona. Nach einer Woche Stadtaufenthalt, Sightseeing und Konzerten standen nun drei Tage am Meer auf dem <a rel=\"attachment wp-att-113\" href=\"http:\/\/sound-of-joy.com\/?attachment_id=113\"><img loading=\"lazy\" decoding=\"async\" class=\"alignleft size-full wp-image-113\" title=\"spanien2\" src=\"http:\/\/sound-of-joy.com\/wordpress\/wp-content\/uploads\/spanien2.jpg\" alt=\"\" width=\"300\" height=\"150\" \/><\/a>Programm. Bei herrlichem Wetter verbrachten wir den ganzen Tag unter freiem Himmel, mit gemeinsamem Fr\u00fchst\u00fcck unter Pinien, ausgedehnten Strandwanderungen und nat\u00fcrlich Baden im Mittelmeer. Auch unser abendlicher Auftritt in Gava fand als Open Air auf einer Freilichtb\u00fchne statt.<br \/>\nAm Samstag unternahmen wir noch einen Ausflug zum katalanischen Nationalheiligtum, dem Kloster Montserrat, gelegen auf einem 1236 m hohen Felsr\u00fccken, dessen zerkl\u00fcftete Struktur dem Kloster seinen Namen gab. Zur\u00fcck am Meer, lie\u00dfen wir den letzten Abend mit einer gemeinsamen Feier am Strand ausklingen. Am n\u00e4chsten Morgen hie\u00df es dann Schlafs\u00e4cke einrollen und den Rucksack schn\u00fcren. Nach langer, zweit\u00e4giger Heimreise mit dem Bus ging eine rundum gelungene Gruppenreise zu Ende.<\/p>\n<p style=\"text-align: left;\">&nbsp;<\/p>\n<p>a rel=&#8220;attachment wp-att-113&#8243; href=&#8220;http:\/\/sound-of-joy.com\/?attachment_id=113&#8243;<\/p>\n","protected":false},"excerpt":{"rendered":"<p>Bei der Organisation f\u00fcr die 10-t\u00e4gige Konzertreise nach Spanien konnten Kantor Schmidt und seine Praktikantin Kerstin Schatz auf die guten Kontakte des damaligen Altensittenbacher Pfarrers, Herrn Herbert zur evangelischen Kirche in Spanien zur\u00fcckgreifen. Am 01.09.1995 trafen wir uns morgens um 6.00 Uhr. Die Anreise f\u00fchrte uns \u00fcber das franz\u00f6sische Lyon, wo wir die Nacht in &hellip; <\/p>\n<p><a class=\"more-link btn\" href=\"https:\/\/sound-of-joy.com\/?page_id=76\">Weiterlesen<\/a><\/p>\n","protected":false},"author":1,"featured_media":0,"parent":28,"menu_order":97,"comment_status":"closed","ping_status":"open","template":"","meta":{"ngg_post_thumbnail":0,"footnotes":""},"class_list":["post-76","page","type-page","status-publish","hentry","nodate","item-wrap"],"_links":{"self":[{"href":"https:\/\/sound-of-joy.com\/index.php?rest_route=\/wp\/v2\/pages\/76","targetHints":{"allow":["GET"]}}],"collection":[{"href":"https:\/\/sound-of-joy.com\/index.php?rest_route=\/wp\/v2\/pages"}],"about":[{"href":"https:\/\/sound-of-joy.com\/index.php?rest_route=\/wp\/v2\/types\/page"}],"author":[{"embeddable":true,"href":"https:\/\/sound-of-joy.com\/index.php?rest_route=\/wp\/v2\/users\/1"}],"replies":[{"embeddable":true,"href":"https:\/\/sound-of-joy.com\/index.php?rest_route=%2Fwp%2Fv2%2Fcomments&post=76"}],"version-history":[{"count":11,"href":"https:\/\/sound-of-joy.com\/index.php?rest_route=\/wp\/v2\/pages\/76\/revisions"}],"predecessor-version":[{"id":483,"href":"https:\/\/sound-of-joy.com\/index.php?rest_route=\/wp\/v2\/pages\/76\/revisions\/483"}],"up":[{"embeddable":true,"href":"https:\/\/sound-of-joy.com\/index.php?rest_route=\/wp\/v2\/pages\/28"}],"wp:attachment":[{"href":"https:\/\/sound-of-joy.com\/index.php?rest_route=%2Fwp%2Fv2%2Fmedia&parent=76"}],"curies":[{"name":"wp","href":"https:\/\/api.w.org\/{rel}","templated":true}]}}

<p style="text-align: left;"><a rel="attachment wp-att-113" href="http://sound-of-joy.com/?attachment_id=113"></a></p>
<div style="text-align: left;"><a rel="attachment wp-att-114" href="http://sound-of-joy.com/?attachment_id=114"><img loading="lazy" decoding="async" class="alignleft size-full wp-image-114" title="spanien3" src="http://sound-of-joy.com/wordpress/wp-content/uploads/spanien3.jpg" alt="" width="300" height="150" /></a>Bei der Organisation für die 10-tägige Konzertreise nach Spanien konnten Kantor Schmidt und seine Praktikantin Kerstin Schatz auf die guten Kontakte des damaligen Altensittenbacher Pfarrers, Herrn Herbert zur evangelischen Kirche in Spanien zurückgreifen.<br />
Am 01.09.1995 trafen wir uns morgens um 6.00 Uhr. Die Anreise führte uns über das französische Lyon, wo wir die Nacht in einer Jugendherberge verbrachten. Am darauf folgenden Tag erreichten wir die katalanische Hauptstadt Barcelona.<br />
Von der direkt an der Rambla gelegenen Unterkunft aus erkundeten wir das Innenstadtleben. Entlang der ganzen Rambla scharen sich immer wieder kleinere Gruppen von Zuhörern um Straßenmusiker, die das Straßenbild beleben. So entschloss sich auch eine kleine Gruppe Hersbrucker Sänger am Monument a Colom, das den südlichen Abschluss des Boulevard bildet, zu einem spontanen, nächtlichen Straßenkonzert &#8211; mit erstaunlichem Erfolg.</div>
<div style="text-align: left;">Der erste offizielle Auftritt fand dann am Sonntag im Gottesdienst in San Pablo, einer der wenigen evangelischen Kirchen Spaniens statt. Im Anschluss an den Abendmahlgottesdienst gab es für die spanischen Gastgeber noch ein kleines Konzert. Auf dem Programm standen wie üblich Gospels, Spirituals und neue Lieder. Für die Reise hatten wir dies jedoch leicht verän<img loading="lazy" decoding="async" class="size-full wp-image-115  alignright" title="spanien4" src="http://sound-of-joy.com/wordpress/wp-content/uploads/spanien4.jpg" alt="" width="300" height="150" /></div>
<p style="text-align: left;">dert, da nur ein kleiner Teil der Band an dieser Reise teilnahm. Die Texte der englisch- sowie deutschsprachigen Lieder wurden zum großen Teil ins Spanische übersetzt.<br />
Natürlich besichtigten wir in den folgenden Tagen auch die Sehenswürdigkeiten Barcelonas, wie die Sagrada Familia, das ambitionierte Kathedralenneubauprojekt</p>
<p style="text-align: left;">des 1926 verstorbenen Architekten Antonio Gaudi sowie den von ihm gestalteten Park Güell. Die Sagrada Familia ist ein Bauwerk voller komplexer religiöser Symbolik. <a rel="attachment wp-att-115" href="http://sound-of-joy.com/?attachment_id=115"></a>Ihr Baukörper besteht aus außergewöhnlichen organischen Formen und wird vor allem durch einen figurenreichen Fassadenschmuck geprägt. Obwohl das Projekt nur als im Bau befindliches Fragment besucht werden kann, konnten wir schon viel von der spirituellen</p>
<p style="text-align: left;"><a rel="attachment wp-att-113" href="http://sound-of-joy.com/?attachment_id=113"></a></p>
<p style="text-align: left;">Ausstrahlung spüren.<br />
Am Montag den 4.9. brachen die Hersbrucker auf zur zweiten Station, der spanische Hauptstadt Madrid. Unser Quartier war die 1897 von Fritz Fliedner gegründete Schule El Porvenir (die Zukunft). <a rel="attachment wp-att-112" href="http://sound-of-joy.com/?attachment_id=112"><img loading="lazy" decoding="async" class="alignleft size-full wp-image-112" title="spanien1" src="http://sound-of-joy.com/wordpress/wp-content/uploads/spanien1.jpg" alt="" width="300" height="150" /></a>Dort übernachteten wir mit Schlafsack und Isomatte in den zur Ferienzeit leer stehenden Klassenräumen.<br />
El Porvenir, war die erste Schule für evangelische Kinder in Spanien und überstand Bürgerkrieg und Diktatur weitgehend unbeschadet. 1995 leitete Elfriede Fliedner, die Enkelin des Gründers, die Schule. Die über 80-jährige alte Dame freute sich sehr über unseren Besuch und stellte uns großzügig das ganze Haus &#8211; inklusive der Küche – zur freien Verfügung. Im Gegenzug bedankten wir uns mit einem kleinen, persönlichen Ständchen. Nach einem Tag Stadtbesichtigung im Madrid fanden wir uns am Spätnachmittag in der evangelischen Kirche Noviciado zu Proben für das abendliche Konzert ein. Unser Publikum hatte auch hier sichtlich Freude an der, in spanischen Kirchen noch nicht so verbreiteten neuen Musik. Der größte Dank für uns war die tolle Stimmung, die die lebensfrohen Spanier ab dem ersten Takt verbreiteten.<br />
Tags darauf führte ein Ausflug zum berühmten Kloster „El Escoreal“, dem einstigen Machtzentrum des spanischen Weltreichs und gleichzeitig Begräbnisstätte der spanischen Könige, in dessen unmittelbaren Nähe El Porvenier ein Weisenhaus unterhält. Auf Grund des engen Terminplans mussten wir jedoch schon am Nachmittag wieder den Bus besteigen, der uns direkt in die Innenstadt von Madrid brachte. Durch die engen, verwinkelten Gässchen ginge es dann nur noch zu Fuß weiter. Bepackt mit Klavier, Instrumenten und allem Equipment das für einen Auftritt notwendig ist, erreichten wir schließlich eine kleine, unscheinbare Kirche, im Souterrain eines Innenstadthauses. Hier sollte der emotionale Höhepunkt, die Mitausgestaltung eines Gottesdienstes evangelischer Sinti und Roma stattfinden. Die wortgewaltige Predigt des spanischen Geistlichen konnten wir auf Grund der Sprachbarriere nicht verstehen, jedoch war es interessant seinen Eifer beim Reden zu verfolgen: Ein Getöse von Silben und Worten, effektvoll unterbrochen von langen Pausen, gefolgt von heftigen Satzschwällen. Die spontan abwechselnden Gesänge von Kirchengemeinde und Jugendchor heizten die außergewöhnliche Stimmung noch weiter an. Jede der beiden Gruppen versuchte die christliche Botschaft so laut und mit soviel Nachdruck wie nur irgend möglich zu verkündigen &#8211; feiern mit ganzem Herz und ganzer Seele &#8211; ein gigantischer Gottesdienst!!<br />
Am nächsten Tag, den 07.09., ging es zurück ans Mittelmeer bei Gava in die Nähe von Barcelona. Nach einer Woche Stadtaufenthalt, Sightseeing und Konzerten standen nun drei Tage am Meer auf dem <a rel="attachment wp-att-113" href="http://sound-of-joy.com/?attachment_id=113"><img loading="lazy" decoding="async" class="alignleft size-full wp-image-113" title="spanien2" src="http://sound-of-joy.com/wordpress/wp-content/uploads/spanien2.jpg" alt="" width="300" height="150" /></a>Programm. Bei herrlichem Wetter verbrachten wir den ganzen Tag unter freiem Himmel, mit gemeinsamem Frühstück unter Pinien, ausgedehnten Strandwanderungen und natürlich Baden im Mittelmeer. Auch unser abendlicher Auftritt in Gava fand als Open Air auf einer Freilichtbühne statt.<br />
Am Samstag unternahmen wir noch einen Ausflug zum katalanischen Nationalheiligtum, dem Kloster Montserrat, gelegen auf einem 1236 m hohen Felsrücken, dessen zerklüftete Struktur dem Kloster seinen Namen gab. Zurück am Meer, ließen wir den letzten Abend mit einer gemeinsamen Feier am Strand ausklingen. Am nächsten Morgen hieß es dann Schlafsäcke einrollen und den Rucksack schnüren. Nach langer, zweitägiger Heimreise mit dem Bus ging eine rundum gelungene Gruppenreise zu Ende.</p>
<p style="text-align: left;">&nbsp;</p>
<p>a rel=&#8220;attachment wp-att-113&#8243; href=&#8220;http://sound-of-joy.com/?attachment_id=113&#8243;</p>

<p>Bei der Organisation für die 10-tägige Konzertreise nach Spanien konnten Kantor Schmidt und seine Praktikantin Kerstin Schatz auf die guten Kontakte des damaligen Altensittenbacher Pfarrers, Herrn Herbert zur evangelischen Kirche in Spanien zurückgreifen. Am 01.09.1995 trafen wir uns morgens um 6.00 Uhr. Die Anreise führte uns über das französische Lyon, wo wir die Nacht in &hellip; </p>
<p><a class="more-link btn" href="https://sound-of-joy.com/?page_id=76">Weiterlesen</a></p>
