{"id":656,"date":"2013-02-21T20:54:32","date_gmt":"2013-02-21T19:54:32","guid":{"rendered":"http:\/\/sound-of-joy.com\/?page_id=656"},"modified":"2013-04-22T16:50:59","modified_gmt":"2013-04-22T15:50:59","slug":"wiedersehen-mit-gospeldiva","status":"publish","type":"page","link":"https:\/\/sound-of-joy.com\/?page_id=656","title":{"rendered":"Wiedersehen mit Gospeldiva"},"content":{"rendered":"<p>Das Musikjahr der Nikolaus- Selnecker-Kantorei hat schon begonnen, den Anfang machte das Jahreskonzert des Gospelchors \u201eSound of Joy\u201c.<\/p>\n<p>\u00dcber das ganze Jahr verteilt hat die Hersbrucker Kantorei wieder zahlreiche Konzerte, besonders gestaltete Gottesdienste und h\u00f6renswerte Veranstaltungen im Programm.\u00a0Nach seinem Jahreskonzert ist der Gospelchor wieder auf zahlreichen Konzerten in ganz Bayern (u. a. in R\u00fcckersdorf, Pegnitz, Coburg und Neuendettelsau) unterwegs. Aber auch in heimischen Gefilden wird er zu h\u00f6ren sein: Mit einem Konzert in Happurg und zwei Gottesdiensten in Eschenbach und Sch\u00f6nberg. H\u00f6hepunkt wird die Auff\u00fchrung einer Gospelmesse von Ralf Gr\u00f6ssler am Sonntag, 16. Juni sein, bei der es ein Wiedersehen mit der bekannten Gospeldiva Joanne Bell <a href=\"http:\/\/sound-of-joy.com\/?attachment_id=660\" rel=\"attachment wp-att-660\"><img loading=\"lazy\" decoding=\"async\" class=\"aligncenter size-full wp-image-660\" alt=\"joanbell\" src=\"http:\/\/sound-of-joy.com\/wordpress\/wp-content\/uploads\/joanbell.jpg\" width=\"524\" height=\"403\" srcset=\"https:\/\/sound-of-joy.com\/wordpress\/wp-content\/uploads\/joanbell.jpg 524w, https:\/\/sound-of-joy.com\/wordpress\/wp-content\/uploads\/joanbell-300x230.jpg 300w\" sizes=\"auto, (max-width: 524px) 100vw, 524px\" \/><\/a>aus Hamburg geben wird. Nach seiner Brasilienreise im Sommer 2012 erh\u00e4lt der Chor einen Gegenbesuch von der Big-Band \u201eBanda Municipal\u201c aus Imigrante in\u00a0Brasilien. Big-Band und Chor werden gemeinsam am Sonntag, 28. Juli, ein Open-Air-Konzert im Hersbrucker Schlosshof in Zusammenarbeit mit der Stadt Hersbruck gestalten. Ein Besuch in der schweizer\u00a0Partnerstadt Hilterfingen ist f\u00fcr dieses Jahr oder 2014 in Planung.<br \/>\nEin gro\u00dfer H\u00f6hepunkt verspricht das Konzert des Windsbacher Knabenchores am Sonntag, 3. Februar, um 17 Uhr in der Stadtkirche zu werden. Restkarten sind noch im Pfarramt erh\u00e4ltlich.<br \/>\nZwei besondere Oratorienkonzerte stehen auf dem Programm der Erwachsenenkantorei: Beide Werke sind noch wenig aufgef\u00fchrt, stellen aber in der Zwischenzeit Kostbarkeiten in ihrer jeweiligen, musikalischen Stilepoche dar. So werden am Sonntag, 10. M\u00e4rz, jeweils in der Stadtkirche die Markuspassion von Johann Sebastian Bach und am Sonntag, 17. November, das Oratorium \u201eDie letzten Dinge\u201c von Louis Spohr erklingen.<br \/>\nWeitere H\u00f6hepunkte im musikalischen Kalender der Kantorei sind ein Konzert unter dem Motto \u201eDie heitere Orgel\u201c im April, drei Konzerte mit Kammermusik in der Spitalkirche und vier Orgelmusiken zur Mittagszeit im September und Oktober, die Waldlermesse im Dezember und als Jahresabschluss wieder das beliebte Silvesterkonzert mit Musik f\u00fcr Saxophon und Orgel.<br \/>\nAbgerundet wird das Programm durch die schon traditionellen Veranstaltungen wie\u00a0 Singgottesdienst zu Kantate, Advent im Hirtenmuseum und das Mitwirken aller Gruppen beim Hersbrucker Weihnachtsmarkt.<\/p>\n<p>Quelle: Hersbrucker Zeitung<\/p>\n","protected":false},"excerpt":{"rendered":"<p>Das Musikjahr der Nikolaus- Selnecker-Kantorei hat schon begonnen, den Anfang machte das Jahreskonzert des Gospelchors \u201eSound of Joy\u201c. \u00dcber das ganze Jahr verteilt hat die Hersbrucker Kantorei wieder zahlreiche Konzerte, besonders gestaltete Gottesdienste und h\u00f6renswerte Veranstaltungen im Programm.\u00a0Nach seinem Jahreskonzert ist der Gospelchor wieder auf zahlreichen Konzerten in ganz Bayern (u. a. in R\u00fcckersdorf, Pegnitz, &hellip; <\/p>\n<p><a class=\"more-link btn\" href=\"https:\/\/sound-of-joy.com\/?page_id=656\">Weiterlesen<\/a><\/p>\n","protected":false},"author":5,"featured_media":0,"parent":650,"menu_order":0,"comment_status":"closed","ping_status":"open","template":"","meta":{"ngg_post_thumbnail":0,"footnotes":""},"class_list":["post-656","page","type-page","status-publish","hentry","nodate","item-wrap"],"_links":{"self":[{"href":"https:\/\/sound-of-joy.com\/index.php?rest_route=\/wp\/v2\/pages\/656","targetHints":{"allow":["GET"]}}],"collection":[{"href":"https:\/\/sound-of-joy.com\/index.php?rest_route=\/wp\/v2\/pages"}],"about":[{"href":"https:\/\/sound-of-joy.com\/index.php?rest_route=\/wp\/v2\/types\/page"}],"author":[{"embeddable":true,"href":"https:\/\/sound-of-joy.com\/index.php?rest_route=\/wp\/v2\/users\/5"}],"replies":[{"embeddable":true,"href":"https:\/\/sound-of-joy.com\/index.php?rest_route=%2Fwp%2Fv2%2Fcomments&post=656"}],"version-history":[{"count":6,"href":"https:\/\/sound-of-joy.com\/index.php?rest_route=\/wp\/v2\/pages\/656\/revisions"}],"predecessor-version":[{"id":659,"href":"https:\/\/sound-of-joy.com\/index.php?rest_route=\/wp\/v2\/pages\/656\/revisions\/659"}],"up":[{"embeddable":true,"href":"https:\/\/sound-of-joy.com\/index.php?rest_route=\/wp\/v2\/pages\/650"}],"wp:attachment":[{"href":"https:\/\/sound-of-joy.com\/index.php?rest_route=%2Fwp%2Fv2%2Fmedia&parent=656"}],"curies":[{"name":"wp","href":"https:\/\/api.w.org\/{rel}","templated":true}]}}