{"id":44,"date":"2011-01-29T21:10:00","date_gmt":"2011-01-29T20:10:00","guid":{"rendered":"http:\/\/sound-of-joy.com\/wordpress\/?page_id=44"},"modified":"2011-06-19T11:44:21","modified_gmt":"2011-06-19T10:44:21","slug":"mass-of-joy-1999","status":"publish","type":"page","link":"https:\/\/sound-of-joy.com\/?page_id=44","title":{"rendered":"mass of joy (1999)"},"content":{"rendered":"<p>Doppelch\u00f6rige Gospelmesse von R.Gr\u00f6ssler.<br \/>\nSolo: Joanne Bell<\/p>\n<ol>\n<a rel=\"attachment wp-att-168\" href=\"http:\/\/sound-of-joy.com\/?attachment_id=168\"><img loading=\"lazy\" decoding=\"async\" class=\"alignright size-full wp-image-168\" title=\"mass of joy\" src=\"http:\/\/sound-of-joy.com\/wordpress\/wp-content\/uploads\/mass.jpg\" alt=\"'mass of joy'\" width=\"250\" height=\"250\" srcset=\"https:\/\/sound-of-joy.com\/wordpress\/wp-content\/uploads\/mass.jpg 250w, https:\/\/sound-of-joy.com\/wordpress\/wp-content\/uploads\/mass-150x150.jpg 150w\" sizes=\"auto, (max-width: 250px) 100vw, 250px\" \/><\/a><\/p>\n<li>Psalm<\/li>\n<li>Kyrie<\/li>\n<li>Gloria<\/li>\n<li>Credo<\/li>\n<li>Meditation \u00fcber den Choral &#8211; allein Gott in der H\u00f6h sei Ehr<\/li>\n<li>Sanctus<\/li>\n<li>Lord\u00b4s prayer<\/li>\n<li>Agnus Dei<\/li>\n<li>Finale<\/li>\n<\/ol>\n","protected":false},"excerpt":{"rendered":"<p>Doppelch\u00f6rige Gospelmesse von R.Gr\u00f6ssler. Solo: Joanne Bell Psalm Kyrie Gloria Credo Meditation \u00fcber den Choral &#8211; allein Gott in der H\u00f6h sei Ehr Sanctus Lord\u00b4s prayer Agnus Dei Finale<\/p>\n","protected":false},"author":1,"featured_media":0,"parent":15,"menu_order":3,"comment_status":"closed","ping_status":"closed","template":"","meta":{"ngg_post_thumbnail":0,"footnotes":""},"class_list":["post-44","page","type-page","status-publish","hentry","nodate","item-wrap"],"_links":{"self":[{"href":"https:\/\/sound-of-joy.com\/index.php?rest_route=\/wp\/v2\/pages\/44","targetHints":{"allow":["GET"]}}],"collection":[{"href":"https:\/\/sound-of-joy.com\/index.php?rest_route=\/wp\/v2\/pages"}],"about":[{"href":"https:\/\/sound-of-joy.com\/index.php?rest_route=\/wp\/v2\/types\/page"}],"author":[{"embeddable":true,"href":"https:\/\/sound-of-joy.com\/index.php?rest_route=\/wp\/v2\/users\/1"}],"replies":[{"embeddable":true,"href":"https:\/\/sound-of-joy.com\/index.php?rest_route=%2Fwp%2Fv2%2Fcomments&post=44"}],"version-history":[{"count":7,"href":"https:\/\/sound-of-joy.com\/index.php?rest_route=\/wp\/v2\/pages\/44\/revisions"}],"predecessor-version":[{"id":389,"href":"https:\/\/sound-of-joy.com\/index.php?rest_route=\/wp\/v2\/pages\/44\/revisions\/389"}],"up":[{"embeddable":true,"href":"https:\/\/sound-of-joy.com\/index.php?rest_route=\/wp\/v2\/pages\/15"}],"wp:attachment":[{"href":"https:\/\/sound-of-joy.com\/index.php?rest_route=%2Fwp%2Fv2%2Fmedia&parent=44"}],"curies":[{"name":"wp","href":"https:\/\/api.w.org\/{rel}","templated":true}]}}