{"id":126,"date":"2011-02-01T21:28:28","date_gmt":"2011-02-01T20:28:28","guid":{"rendered":"http:\/\/sound-of-joy.com\/wordpress\/?page_id=126"},"modified":"2012-02-12T13:06:09","modified_gmt":"2012-02-12T12:06:09","slug":"sizilien-2002","status":"publish","type":"page","link":"http:\/\/sound-of-joy.com\/?page_id=126","title":{"rendered":"Sizilien 2002"},"content":{"rendered":"<div>\n<p><a rel=\"attachment wp-att-241\" href=\"http:\/\/sound-of-joy.com\/?attachment_id=241\"><img loading=\"lazy\" decoding=\"async\" class=\"alignleft size-full wp-image-241\" title=\"sizilien1\" src=\"http:\/\/sound-of-joy.com\/wordpress\/wp-content\/uploads\/sizilien1.jpg\" alt=\"\" width=\"300\" height=\"150\" \/><\/a>F\u00fcr das  Jahr 2002 erhielt der Gospelchor eine Einladung  nach Riesi, Sizilien.  In die Wege geleitet wurde dies von Ulrich  Eckert, einem ehemaligen  Chormitglied und jetzt Pfarrer f\u00fcr viele  kleine, weit verstreut  liegende, evangelische Gemeinden in Sizilien. Am  17.05.02 ging es mit dem  Flugzeug von Frankfurt \u2013 \u00fcber Rom \u2013 Catania  und anschlie\u00dfend  mit dem Bus nach Riesi zum Servizio Christiano. Dort  sollten wir f\u00fcr  eine Woche bestens untergebracht und verk\u00f6stigt werden.  Am  Vormittag des ersten Tages fand eine F\u00fchrung durch das Servizio   statt, das von Uli Eckert und seiner Frau geleitet wird. Seit den   sechziger Jahren entstanden dort nach und nach eine Grundschule, eine   Bibliothek sowie eine Ausbildungsst\u00e4tte f\u00fcr Mechaniker. Ein   Kindergarten, die Familienberatungsstelle, medizinische F\u00fcrsorge  und Seelsorge f\u00fcr vergewaltigte Frauen,  folgten aus dem Gedanken  des Gr\u00fcnders Pater Tullio Vinag, einem  Valdenser, N\u00e4chstenliebe  nicht nur zu predigen sondern auch aktiv zu  leben. Am selben Abend  fand dann das erste Konzert des Chores auf dem  Piazza Garibaldi in  Riesi statt. F\u00fcr viele der meist \u00e4lteren,  \u00fcberwiegend  m\u00e4nnlichen Zuh\u00f6rer sicherlich ungewohnte Kl\u00e4nge.<a rel=\"attachment wp-att-243\" href=\"http:\/\/sound-of-joy.com\/?attachment_id=243\"><img loading=\"lazy\" decoding=\"async\" class=\"alignright size-full wp-image-243\" title=\"sizilien3\" src=\"http:\/\/sound-of-joy.com\/wordpress\/wp-content\/uploads\/sizilien3.jpg\" alt=\"\" width=\"300\" height=\"150\" \/><\/a><br \/>\nF\u00fcr den  n\u00e4chsten Morgen war eine Fahrt nach Caltanisetta  geplant, wo der  Chor einen Pfingst- und Konfirmationsgottesdienst  ausgestaltete. Zu  unser aller \u00dcberraschung hatte Uli Eckert zwei uns  Deutschen von  der Melodie gut bekannte italienische Pfingstlieder  ausgesucht:  &#8222;Eterno e Santo Spirito&#8220; auf die Melodie von \u201eLobt Gott   Ihr Christen alle gleich&#8220; und \u201eScendi tu nel nostro petto&#8220;    auf die  Melodie von \u201eo du fr\u00f6hliche&#8220;, die wir aber eher  aus der Weihnachtszeit  kennen. Nach der Besichtigung der  Provinzhauptstadt Enna galt es \u201ezu  Hause&#8220; in Riesi den  Abendgottesdienst musikalisch auszugestalten. Um  f\u00fcr den Chor  den zweiten Gottesdienst an diesem Tag interessant zu  gestalten hatte  Pfarrer Eckert eigens eine zweite Predigt \u00fcber <a rel=\"attachment wp-att-242\" href=\"http:\/\/sound-of-joy.com\/?attachment_id=242\"><img loading=\"lazy\" decoding=\"async\" class=\"alignleft size-full wp-image-242\" title=\"sizilien2\" src=\"http:\/\/sound-of-joy.com\/wordpress\/wp-content\/uploads\/sizilien2.jpg\" alt=\"\" width=\"300\" height=\"150\" \/><\/a>einen anderen  Bibeltext vorbereitet und f\u00fcr die Deutschen  zum Mitlesen  aufbereitet.<br \/>\nDie zwei  nachfolgenden Tage wurden ruhig gestaltet. Nach der  Besichtigung des  Tempels von Agrigento konnte man das Strandleben  genie\u00dfen, von  dem sich einige zwecks leichter \u201eHautirritationen&#8220; ein  paar  Tage in den Schatten zur\u00fcckziehen mussten.<br \/>\nAm Mittwoch war  dann Gro\u00dfstadtleben angesagt: Palermo. Mit  seinen engen Gassen,  M\u00e4rkten und dem schier undurchdringlichen Gewirr  aus hupenden  Autos und Handy telefonierenden Vespafahrern ein  besonderes Erlebnis.  Nachmittags ging es weiter an die nordwestlichste  Ecke Siziliens, die  Hafenstadt Trapani. Auf Einladung der \u201eChiesa  Evangelica Valdese di  Trapani&#8220; gaben wir ein Konzert in der Chiesa S.  Agostino. Hier  war Gospelmusik etwas Neues f\u00fcr die Konzertbesucher.  Aber sowohl  in Kirchen als auch in den Versammlungsr\u00e4umen sprang der  Funke  auf das Publikum sofort \u00fcber. Es wurde geklatscht, gesungen und   mitgewippt, was uns als S\u00e4nger super anspornte. Wir w\u00fcrden  uns das auch  \u00f6fter in dem etwas steifen Deutschland w\u00fcnschen.  Besonders bei dem  gemeinsamen Lied &#8222;Freut euch im Herrn&#8220;,  dessen Refrain der Chor auf  Italienisch einstudiert hatte stimmten  die Sizilianer kr\u00e4ftig mit &#8222;Il  mio cour goier&#8220; ein.<a rel=\"attachment wp-att-244\" href=\"http:\/\/sound-of-joy.com\/?attachment_id=244\"><img loading=\"lazy\" decoding=\"async\" class=\"alignright size-full wp-image-244\" title=\"sizilien4\" src=\"http:\/\/sound-of-joy.com\/wordpress\/wp-content\/uploads\/sizilien4.jpg\" alt=\"\" width=\"300\" height=\"150\" \/><\/a><br \/>\nHei\u00df ging  es dann am n\u00e4chsten Tag weiter. Nach der Stadtf\u00fchrung  durch  Catania konnten wir dann erleben wie auf dem 2900 m hohen \u00c4tna   Papier durch die hier stellenweise bis weit nach au\u00dfen  dringenden  Temperaturen zum Brennen gebracht wurde. Bei unserem  Konzert an diesem  Abend fiel es uns, dank des lebhaften Temperaments  der Konzertbesucher,  auch nicht schwer die Flammen der Begeisterung  in der Valdenserkirche  von Catania zu entfachen.<br \/>\nAm vorletzten  Tag ging es dann nach Siracusa. Nach Stadtf\u00fchrung  und  ausgiebigem italienischen Buffet auf dem Land fand dann das letzte   Konzert; leider nicht wie vorgesehen auf einer Freiluftb\u00fchne,  sondern  in der Kirche statt. Am Samstag den 25. Mai endete dann  unsere  Konzertreise mit dem Heimflug \u00fcber den an diesem Tage  schneebedeckten  \u00c4tna.<\/p>\n<p>F\u00fcr alle  eine Reise die sicherlich noch  lange in Erinnerung bleiben wird.  Danke an alle die mitgewirkt haben um  dies zu erm\u00f6glichen!<\/p>\n<\/div>\n","protected":false},"excerpt":{"rendered":"<p>F\u00fcr das Jahr 2002 erhielt der Gospelchor eine Einladung nach Riesi, Sizilien. In die Wege geleitet wurde dies von Ulrich Eckert, einem ehemaligen Chormitglied und jetzt Pfarrer f\u00fcr viele kleine, weit verstreut liegende, evangelische Gemeinden in Sizilien. Am 17.05.02 ging es mit dem Flugzeug von Frankfurt \u2013 \u00fcber Rom \u2013 Catania und anschlie\u00dfend mit dem &hellip; <\/p>\n<p><a class=\"more-link btn\" href=\"http:\/\/sound-of-joy.com\/?page_id=126\">Weiterlesen<\/a><\/p>\n","protected":false},"author":1,"featured_media":0,"parent":28,"menu_order":93,"comment_status":"closed","ping_status":"closed","template":"","meta":{"ngg_post_thumbnail":0,"footnotes":""},"class_list":["post-126","page","type-page","status-publish","hentry","nodate","item-wrap"],"_links":{"self":[{"href":"http:\/\/sound-of-joy.com\/index.php?rest_route=\/wp\/v2\/pages\/126","targetHints":{"allow":["GET"]}}],"collection":[{"href":"http:\/\/sound-of-joy.com\/index.php?rest_route=\/wp\/v2\/pages"}],"about":[{"href":"http:\/\/sound-of-joy.com\/index.php?rest_route=\/wp\/v2\/types\/page"}],"author":[{"embeddable":true,"href":"http:\/\/sound-of-joy.com\/index.php?rest_route=\/wp\/v2\/users\/1"}],"replies":[{"embeddable":true,"href":"http:\/\/sound-of-joy.com\/index.php?rest_route=%2Fwp%2Fv2%2Fcomments&post=126"}],"version-history":[{"count":9,"href":"http:\/\/sound-of-joy.com\/index.php?rest_route=\/wp\/v2\/pages\/126\/revisions"}],"predecessor-version":[{"id":491,"href":"http:\/\/sound-of-joy.com\/index.php?rest_route=\/wp\/v2\/pages\/126\/revisions\/491"}],"up":[{"embeddable":true,"href":"http:\/\/sound-of-joy.com\/index.php?rest_route=\/wp\/v2\/pages\/28"}],"wp:attachment":[{"href":"http:\/\/sound-of-joy.com\/index.php?rest_route=%2Fwp%2Fv2%2Fmedia&parent=126"}],"curies":[{"name":"wp","href":"https:\/\/api.w.org\/{rel}","templated":true}]}}