{"id":120,"date":"2011-02-01T21:27:25","date_gmt":"2011-02-01T20:27:25","guid":{"rendered":"http:\/\/sound-of-joy.com\/wordpress\/?page_id=120"},"modified":"2012-02-12T13:05:27","modified_gmt":"2012-02-12T12:05:27","slug":"kanada-1996","status":"publish","type":"page","link":"http:\/\/sound-of-joy.com\/?page_id=120","title":{"rendered":"Kanada 1996"},"content":{"rendered":"<p><a rel=\"attachment wp-att-143\" href=\"http:\/\/sound-of-joy.com\/?attachment_id=143\"><img loading=\"lazy\" decoding=\"async\" class=\"alignleft size-full wp-image-143\" title=\"kanada4\" src=\"http:\/\/sound-of-joy.com\/wordpress\/wp-content\/uploads\/kanada4.jpg\" alt=\"\" width=\"300\" height=\"150\" \/><\/a>Mitte August trat der Gospelchor Hersbruck endlich seine schon lange geplante und gut organisierte Kanadareise an. Durch die vorangegangenen Reisen des Gospelchors war die Organisation f\u00fcr Internationale Kontakte in Bonn auf den Chor aufmerksam geworden und lud diesen zu einer Konzerttournee durch den Osten Kanadas ein. An der Reise nahmen 70 der 98 Chormitglieder teil. Schon beim Abschiedskonzert im Juli, das dieses Mal vor der Hersbrucker Stadtkirche stattfand und bei dem der Chor sein vielseitiges Repertoire an geistlicher, weltlicher und volkst\u00fcmlicher Musik sowie auch Blasmusik vorstellte, wurden alle Teilnehmer endg\u00fcltig vom Reisefieber ergriffen. Versehen mit den besten Segensw\u00fcnschen von Dekan Gr\u00fcnwald, sah der Chor der bevorstehenden Konzertreise zuversichtlich entgegen. Mit der im Mai 1996 aufgenommenen CD \u201ePower\u201c, die auch bei den Kanadiern gro\u00dfen Anklang finden sollte, und der von der Firma Quelle gesponserten einheitlichen Konzertkleidung im Gep\u00e4ck stieg man am 14. August in das Flugzeug von Frankfurt nach Toronto. Zwei wundervolle Wochen begannen.<a rel=\"attachment wp-att-140\" href=\"http:\/\/sound-of-joy.com\/?attachment_id=140\"><img loading=\"lazy\" decoding=\"async\" class=\"size-full wp-image-140 alignright\" title=\"kanada1\" src=\"http:\/\/sound-of-joy.com\/wordpress\/wp-content\/uploads\/kanada1.jpg\" alt=\"\" width=\"300\" height=\"150\" \/><\/a><br \/>\nNach der Ankunft und dem ersten Zusammentreffen mit der Reisebegleiterin Elaine, die den Chor w\u00e4hrend der n\u00e4chsten zwei Wochen begleitete, bestiegen die Musiker die bereitstehenden Busse nach Owen Sound. Bereits auf der dreist\u00fcndigen Fahrt bekam man einen ersten Eindruck von der unendlichen Weite dieses Landes, von dessen Gesamtfl\u00e4che nur etwa acht Prozent bewohnt sind. In Owen Sound angekommen, erwartete den Chor schon der herzliche Empfang der Gastfamilien, bei denen die Reiseteilnehmer drei sch\u00f6ne Tage verlebten.<br \/>\nDas erste Konzert &#8211; in der Bibliothek von Collingwood &#8211; wurde vor allem von den \u00fcberraschend vielen, einst nach Kanada ausgewanderten Deutschen, die sogar bei den Volksliedern mitsangen, begeistert aufgenommen. Am n\u00e4chsten Tag f\u00fchrte ein Ausflug auf die Flower Pot Island, einem Teil des Flathorn Five National Parks. Mit einem Abschlusskonzert in der St. Georges Anglican Church von Owen Sound bedankte sich der Chor f\u00fcr die gro\u00dfe Gastfreundschaft der Gastfamilien. Die Weiterfahrt nach Ottawa am n\u00e4chsten Tag f\u00fchrte durch den Algonquin Park. In Ottawa angekommen, beendete man den Tag mit einem gemeinsamen Spare Ribs &#8211; Essen in einem traditionell kanadischen Restaurant. Beim Auftritt auf der Canadian Central Exhibition, in einem Eishockeystadion, anl\u00e4sslich des Senior\u00b4s Day sang der Chor vor allem f\u00fcr die \u00e4lteren Generation.<br \/>\nAnl\u00e4sslich eines A-capella Konzerts in der Rotunde des Parlaments wurde der Chor durch den Vertreter des deutschen Botschafters in Kanada willkommen gehei\u00dfen. In seiner Begr\u00fc\u00dfungsansprache <a rel=\"attachment wp-att-142\" href=\"http:\/\/sound-of-joy.com\/?attachment_id=142\"><img loading=\"lazy\" decoding=\"async\" class=\"alignleft size-full wp-image-142\" title=\"kanada3\" src=\"http:\/\/sound-of-joy.com\/wordpress\/wp-content\/uploads\/kanada3.jpg\" alt=\"\" width=\"300\" height=\"150\" \/><\/a>lobte er die Arbeit der S\u00e4nger als musikalische Botschafter und sprach ihnen seine Anerkennung f\u00fcr das Engagement im Zeichen der V\u00f6lkerverst\u00e4ndigung aus. Karl Schmidt bedankte sich im Gegenzug f\u00fcr den herzlichen Empfang und \u00fcberreichte im Namen des Chores einige Gastgeschenke. Im Anschluss an den Empfang sahen sich die Hersbrucker die Wachabl\u00f6sung vor dem Parlamentsgeb\u00e4ude an, die zu ihrem Erstaunen dem Zeremoniell vor dem Buckingham Palace entsprach. Der letzte Abend in Ottawa wurde in Fulton\u00b4s Pancake Sugar Bush Restaurant bei Pancakes mit Ahornsirup und Squaredance unter kanadischer Anleitung verbracht. \u00dcber Kingston, wo der Gospelchor das Old Fort Henry besichtigte, ging es am n\u00e4chsten Tag weiter nach Toronto wo der Chor erneut die Gastfreundschaft kanadischer Familien genie\u00dfen durfte. Am folgenden Tag stand eine Erkundung Torontos mit sightseeing und shopping auf dem Programm.<br \/>\nEine ganz neue Erfahrung war der Fernsehauftritt in der Sendung \u201egospel hour\u201c. Nach der Ankunft bei den \u201e100 Huntley Street Broadcasting Studios\u201c ging es zuerst einmal in die Maske und danach in das Studio mit den vielen Scheinwerfern und Kameras. Die Aufmachung erinnerte mehr an eine \u201eDaily Saop\u201c, als an eine Sendung mit christlichem Inhalt und erlaubte einen interessanten Einblick in die amerikanische Art mit religi\u00f6sen Gef\u00fchlen von Fernsehzuschauern Gesch\u00e4fte zu machen (Thema: \u201eWhen does the healing beginn?\u201c &#8211; Werbeblock: \u201eBitte spenden Sie f\u00fcr dem Fernsehsender, Kontonummer&#8230;\u201c).<br \/>\nN\u00e4chste Station waren die Niagaraf\u00e4lle. Den Sonntagsgottesdienst mit Abendmahl feierten Deutsche und Kanadier zusammen in der St. Paul\u00b4s Evangelical Lutheran Church von Niagara Falls. <a rel=\"attachment wp-att-141\" href=\"http:\/\/sound-of-joy.com\/?attachment_id=141\"><img loading=\"lazy\" decoding=\"async\" class=\"size-full wp-image-141 alignright\" title=\"kanada2\" src=\"http:\/\/sound-of-joy.com\/wordpress\/wp-content\/uploads\/kanada2.jpg\" alt=\"\" width=\"300\" height=\"150\" \/><\/a>Die fr\u00f6hliche Atmosph\u00e4re in der Gemeinde gab gleich das Gef\u00fchl der Zugeh\u00f6rigkeit. Dass die Freude an den Darbietungen des Chors auch bei der Gemeinde gro\u00df war, zeigte sich bei einem kleinen spontanen Konzert im Anschluss an den Gottesdienst. Nach einem gemeinsamen Mittagessen im Gemeindehaus brach die Gruppe dann zu den Niagaraf\u00e4llen auf. Hier stand am Nachmittag eine Fahrt entlang des Niagara River nach Niagara on the Lake, einem idyllisch gelegenen kleinen St\u00e4dtchen am Ufer des Flusses auf dem Programm.<br \/>\nAm Abreisetage genoss die Gruppe abschlie\u00dfend noch eine Bootsfahrt mit der \u201eMaid of the Mist\u201c direkt bis zu den Wasserf\u00e4llen &#8211; so nahe heran, dass man die Gischt der tosenden Wassermassen im Gesicht sp\u00fcren konnte. Mit dem Bus ging es zum Flughafen nach Toronto, wo die Gruppe das Flugzeug nach Frankfurt\/M. bestieg.<\/p>\n","protected":false},"excerpt":{"rendered":"<p>Mitte August trat der Gospelchor Hersbruck endlich seine schon lange geplante und gut organisierte Kanadareise an. Durch die vorangegangenen Reisen des Gospelchors war die Organisation f\u00fcr Internationale Kontakte in Bonn auf den Chor aufmerksam geworden und lud diesen zu einer Konzerttournee durch den Osten Kanadas ein. An der Reise nahmen 70 der 98 Chormitglieder teil. &hellip; <\/p>\n<p><a class=\"more-link btn\" href=\"http:\/\/sound-of-joy.com\/?page_id=120\">Weiterlesen<\/a><\/p>\n","protected":false},"author":1,"featured_media":0,"parent":28,"menu_order":96,"comment_status":"closed","ping_status":"closed","template":"","meta":{"ngg_post_thumbnail":0,"footnotes":""},"class_list":["post-120","page","type-page","status-publish","hentry","nodate","item-wrap"],"_links":{"self":[{"href":"http:\/\/sound-of-joy.com\/index.php?rest_route=\/wp\/v2\/pages\/120","targetHints":{"allow":["GET"]}}],"collection":[{"href":"http:\/\/sound-of-joy.com\/index.php?rest_route=\/wp\/v2\/pages"}],"about":[{"href":"http:\/\/sound-of-joy.com\/index.php?rest_route=\/wp\/v2\/types\/page"}],"author":[{"embeddable":true,"href":"http:\/\/sound-of-joy.com\/index.php?rest_route=\/wp\/v2\/users\/1"}],"replies":[{"embeddable":true,"href":"http:\/\/sound-of-joy.com\/index.php?rest_route=%2Fwp%2Fv2%2Fcomments&post=120"}],"version-history":[{"count":10,"href":"http:\/\/sound-of-joy.com\/index.php?rest_route=\/wp\/v2\/pages\/120\/revisions"}],"predecessor-version":[{"id":485,"href":"http:\/\/sound-of-joy.com\/index.php?rest_route=\/wp\/v2\/pages\/120\/revisions\/485"}],"up":[{"embeddable":true,"href":"http:\/\/sound-of-joy.com\/index.php?rest_route=\/wp\/v2\/pages\/28"}],"wp:attachment":[{"href":"http:\/\/sound-of-joy.com\/index.php?rest_route=%2Fwp%2Fv2%2Fmedia&parent=120"}],"curies":[{"name":"wp","href":"https:\/\/api.w.org\/{rel}","templated":true}]}}